{"id":1722,"date":"2015-10-17T12:36:00","date_gmt":"2015-10-17T12:36:00","guid":{"rendered":"http:\/\/www.weingut-dahlem.de\/start\/?page_id=1722"},"modified":"2024-10-11T15:30:12","modified_gmt":"2024-10-11T13:30:12","slug":"aktive-weinlese","status":"publish","type":"page","link":"https:\/\/www.weingut-dahlem.de\/start\/aktive-weinlese\/","title":{"rendered":"Aktive Weinlese"},"content":{"rendered":"<section class=\"wpb-content-wrapper\"><p>[vc_row][vc_column][vc_column_text]W\u00e4hrend der Weinlese 2024 hatten wir 3 Gruppen zu Gast in unseren Weinbergen und haben mit diesen Riesling-Trauben in der Lage Oppenheimer Sacktr\u00e4ger geerntet. An alle Helfer noch einmal ein herzliches Dankesch\u00f6n.<\/p>\n<p>Auch 2025 bieten wir wieder f\u00fcr Gruppen ab 20 Personen die M\u00f6glichkeit zur aktiven Weinlese an. Von Mitte September bis Mitte Oktober 2023 k\u00f6nnen Sie uns bei der Weinlese helfen. Dazu gibt es nat\u00fcrliches ein rustikales Winzeressen und eine Weinprobe. Gen\u00fcgend Programm f\u00fcr einen kompletten Ausflug. \u2028\u2028Ein besonderes Erlebnis f\u00fcr Betriebsausfl\u00fcge, Managertraining, f\u00fcr Vereine und Freundeskreise.<\/p>\n<p>N\u00e4here Informationen zu Termin, Ablauf, Kleidung, etc. telefonisch unter 06133-2001 oder per E-Mail info@weingut-dahlem.de.[\/vc_column_text][\/vc_column][\/vc_row][vc_row][vc_column width=&#8221;1\/2&#8243;][vc_single_image image=&#8221;1883&#8243; img_size=&#8221;full&#8221; style=&#8221;vc_box_border&#8221; css=&#8221;.vc_custom_1446455941237{border-radius: 1px !important;}&#8221;][vc_column_text]Beste Trauben von Hand gelesen[\/vc_column_text][\/vc_column][vc_column width=&#8221;1\/2&#8243;][vc_single_image image=&#8221;1884&#8243; img_size=&#8221;full&#8221; style=&#8221;vc_box_border&#8221;][vc_column_text]Viele flei\u00dfige Helfer[\/vc_column_text][\/vc_column][\/vc_row]<\/p>\n<\/section>","protected":false},"excerpt":{"rendered":"<p>[vc_row][vc_column][vc_column_text]W\u00e4hrend der Weinlese 2024 hatten wir 3 Gruppen zu Gast in unseren Weinbergen und haben mit diesen Riesling-Trauben in der Lage Oppenheimer Sacktr\u00e4ger geerntet. An alle Helfer noch einmal ein herzliches Dankesch\u00f6n. Auch 2025 bieten wir wieder f\u00fcr Gruppen ab 20 Personen die M\u00f6glichkeit zur aktiven Weinlese an. Von Mitte September bis Mitte Oktober 2023 [&hellip;]<\/p>\n","protected":false},"author":1,"featured_media":0,"parent":0,"menu_order":0,"comment_status":"closed","ping_status":"closed","template":"page-templates\/template-fullwidth.php","meta":{"ngg_post_thumbnail":0,"footnotes":""},"class_list":["post-1722","page","type-page","status-publish","hentry"],"_links":{"self":[{"href":"https:\/\/www.weingut-dahlem.de\/start\/wp-json\/wp\/v2\/pages\/1722","targetHints":{"allow":["GET"]}}],"collection":[{"href":"https:\/\/www.weingut-dahlem.de\/start\/wp-json\/wp\/v2\/pages"}],"about":[{"href":"https:\/\/www.weingut-dahlem.de\/start\/wp-json\/wp\/v2\/types\/page"}],"author":[{"embeddable":true,"href":"https:\/\/www.weingut-dahlem.de\/start\/wp-json\/wp\/v2\/users\/1"}],"replies":[{"embeddable":true,"href":"https:\/\/www.weingut-dahlem.de\/start\/wp-json\/wp\/v2\/comments?post=1722"}],"version-history":[{"count":2,"href":"https:\/\/www.weingut-dahlem.de\/start\/wp-json\/wp\/v2\/pages\/1722\/revisions"}],"predecessor-version":[{"id":3720,"href":"https:\/\/www.weingut-dahlem.de\/start\/wp-json\/wp\/v2\/pages\/1722\/revisions\/3720"}],"wp:attachment":[{"href":"https:\/\/www.weingut-dahlem.de\/start\/wp-json\/wp\/v2\/media?parent=1722"}],"curies":[{"name":"wp","href":"https:\/\/api.w.org\/{rel}","templated":true}]}}