{"id":1546,"date":"2021-05-09T11:42:17","date_gmt":"2021-05-09T11:42:17","guid":{"rendered":"http:\/\/www.weingut-dahlem.de\/start\/?page_id=1546"},"modified":"2025-11-03T07:57:52","modified_gmt":"2025-11-03T06:57:52","slug":"ferienwohnung","status":"publish","type":"page","link":"https:\/\/www.weingut-dahlem.de\/start\/ferienwohnung\/","title":{"rendered":"Ferienwohnung"},"content":{"rendered":"<section class=\"wpb-content-wrapper\"><p>[vc_row][vc_column][vc_column_text]Unsere voll ausgestattete Ferienwohnung mit 2 Schlafzimmern, einem Wohnzimmer, K\u00fcchenzeile, Bad und Terrasse liegt mitten in unserem Weingut in zentraler Lage in Oppenheim. Von hier aus k\u00f6nnen Sie Oppenheim zu Fu\u00df erkunden, w\u00e4hrend Sie ihr Auto getrost auf unserem Parkplatz stehen lassen.<\/p>\n<p>Die Ferienwohnung bietet auf 80 m\u00b2 Platz f\u00fcr bis zu 5 Personen.<\/p>\n<p><strong>Preise f\u00fcr 2 Personen\/ Tag:<\/strong><\/p>\n<p>1 Tag &#8211; \u20ac 85,00<br \/>\n2 Tage &#8211; \u20ac 75,00<br \/>\n3-7 Tage &#8211; \u20ac 70,00<br \/>\njede weitere Person \u20ac 10,00 je Tag<\/p>\n<p>Gerne pr\u00e4sentieren wir Ihnen unsere Weine im Rahmen einer Weinprobe.<\/p>\n<p>Rufen Sie uns unter 06133-2001 an oder schreiben Sie uns eine <a href=\"mailto:info@weingut-dahlem.de\">E-Mail<\/a><\/p>\n<p><strong>Im Preis enthalten ist:<\/strong><\/p>\n<p>\u25cf Bettw\u00e4sche und Handt\u00fccher<br \/>\n\u25cf Nebenkosten<br \/>\n\u25cf Endreinigung<br \/>\n\u25cf Parkplatz[\/vc_column_text][\/vc_column][\/vc_row][vc_row][vc_column width=&#8221;1\/3&#8243;][vc_single_image image=&#8221;2986&#8243; img_size=&#8221;medium&#8221; alignment=&#8221;center&#8221; style=&#8221;vc_box_border&#8221;][vc_column_text]<\/p>\n<p style=\"text-align: center\">Schlafbereich 1<\/p>\n<p>[\/vc_column_text][\/vc_column][vc_column width=&#8221;1\/3&#8243;][vc_single_image image=&#8221;2989&#8243; img_size=&#8221;medium&#8221; alignment=&#8221;center&#8221; style=&#8221;vc_box_border&#8221;][vc_column_text]<\/p>\n<p style=\"text-align: center\">Kochen<\/p>\n<p>[\/vc_column_text][\/vc_column][vc_column width=&#8221;1\/3&#8243;][vc_single_image image=&#8221;2990&#8243; img_size=&#8221;medium&#8221; alignment=&#8221;center&#8221; style=&#8221;vc_box_border&#8221;][vc_column_text]<\/p>\n<p style=\"text-align: center\">Essbereich<\/p>\n<p>[\/vc_column_text][\/vc_column][\/vc_row][vc_row][vc_column][vc_column_text]<\/p>\n<p>[\/vc_column_text][\/vc_column][\/vc_row][vc_row][vc_column width=&#8221;1\/2&#8243;][vc_single_image image=&#8221;3007&#8243; img_size=&#8221;medium&#8221; alignment=&#8221;center&#8221; style=&#8221;vc_box_border&#8221;][vc_column_text]<\/p>\n<p style=\"text-align: center\">Schlafbereich 2<\/p>\n<p>[\/vc_column_text][\/vc_column][vc_column width=&#8221;1\/2&#8243;][vc_single_image image=&#8221;3008&#8243; img_size=&#8221;medium&#8221; alignment=&#8221;center&#8221; style=&#8221;vc_box_border&#8221;][vc_column_text]<\/p>\n<p style=\"text-align: center\">Bad<\/p>\n<p>[\/vc_column_text][\/vc_column][\/vc_row][vc_row][vc_column][vc_column_text]<\/p>\n<p>[\/vc_column_text][\/vc_column][\/vc_row]<\/p>\n<\/section>","protected":false},"excerpt":{"rendered":"<p>[vc_row][vc_column][vc_column_text]Unsere voll ausgestattete Ferienwohnung mit 2 Schlafzimmern, einem Wohnzimmer, K\u00fcchenzeile, Bad und Terrasse liegt mitten in unserem Weingut in zentraler Lage in Oppenheim. Von hier aus k\u00f6nnen Sie Oppenheim zu Fu\u00df erkunden, w\u00e4hrend Sie ihr Auto getrost auf unserem Parkplatz stehen lassen. Die Ferienwohnung bietet auf 80 m\u00b2 Platz f\u00fcr bis zu 5 Personen. Preise [&hellip;]<\/p>\n","protected":false},"author":1,"featured_media":0,"parent":0,"menu_order":0,"comment_status":"closed","ping_status":"closed","template":"page-templates\/template-fullwidth.php","meta":{"ngg_post_thumbnail":0,"footnotes":""},"class_list":["post-1546","page","type-page","status-publish","hentry"],"_links":{"self":[{"href":"https:\/\/www.weingut-dahlem.de\/start\/wp-json\/wp\/v2\/pages\/1546","targetHints":{"allow":["GET"]}}],"collection":[{"href":"https:\/\/www.weingut-dahlem.de\/start\/wp-json\/wp\/v2\/pages"}],"about":[{"href":"https:\/\/www.weingut-dahlem.de\/start\/wp-json\/wp\/v2\/types\/page"}],"author":[{"embeddable":true,"href":"https:\/\/www.weingut-dahlem.de\/start\/wp-json\/wp\/v2\/users\/1"}],"replies":[{"embeddable":true,"href":"https:\/\/www.weingut-dahlem.de\/start\/wp-json\/wp\/v2\/comments?post=1546"}],"version-history":[{"count":3,"href":"https:\/\/www.weingut-dahlem.de\/start\/wp-json\/wp\/v2\/pages\/1546\/revisions"}],"predecessor-version":[{"id":3850,"href":"https:\/\/www.weingut-dahlem.de\/start\/wp-json\/wp\/v2\/pages\/1546\/revisions\/3850"}],"wp:attachment":[{"href":"https:\/\/www.weingut-dahlem.de\/start\/wp-json\/wp\/v2\/media?parent=1546"}],"curies":[{"name":"wp","href":"https:\/\/api.w.org\/{rel}","templated":true}]}}